es 2 divide y?
True
Let z be -1 + 1*-2 + 8. Suppose -309*h + 301*h = -32. Suppose 0 = -h*v + 2*v + 3*c + 167, -z*v - 2*c + 370 = 0. Is 19 a factor of v?
True
Let i(c) be the second derivative of c**4/12 + c**3 + c**2 + 2*c. Let m be i(-6). Suppose -2*q = t - 30, 3*q = -m*t + 35 + 9. Does 8 divide q?
True
Is 22 a factor of (-64)/10*22770/(-92)?
True
Let u(o) = 2*o**2 + 10*o - 123. Is u(-11) a multiple of 3?
True
Suppose 6*r - 24 = r + 2*w, -5*w - 14 = -r. Suppose 6 = 4*d + m, -r*d = 6*m - 2*m. Suppose 0 = -4*y + 12, -d*v - 12 = -4*y - 54. Is 27 a factor of v?
True
Suppose 17*g + 1350 = 44*g. Does 20 divide g?
False
Let b(d) = -d - 2. Let q be b(0). Let m be (-7)/q + (-10)/20. Suppose -m*c + 11 = -1. Is 4 a factor of c?
True
Let l(j) = -j**2 - 12*j - 16. Let u be l(-10). Suppose u*c = -2*c + 270. Is 9 a factor of c?
True
Let r(b) = b**2 + 3*b - 463. Is 18 a factor of r(-27)?
False
Let m(x) = -4*x**2 + 2*x + 11. Let q be m(-5). Let p = -54 - q. Is p a multiple of 21?
False
Let m(q) = -43*q**3 + q**2 + 2*q - 2. Let u be m(1). Let b = u + 72. Does 8 divide b?
False
Let k be 4/(-22) - (-3 - 90/11). Suppose 600 = -6*d + k*d. Is d a multiple of 10?
True
Suppose 5*m = 4*b + 166, 9 = -4*m + 4*b + 145. Is 10 a factor of m?
True
Suppose -3*d = d - 108. Is 10 a factor of (-3*1)/(d/(-540))?
True
Suppose 4 = u + g - 4, 0 = -5*u - 3*g + 40. Suppose 5*n - 42 = u. Suppose 2*b = 4*y + n, b - 6*b + 52 = -y. Is b a multiple of 11?
True
Let k(d) = 2*d**3 - 11*d**2 + 25*d - 6. Does 12 divide k(6)?
True
Let y(f) = f**3 + 5*f**2 - 7*f - 2. Let j be y(-6). Let w(c) = 2*c**3 - 6*c**2 - 4*c - 4. Does 6 divide w(j)?
True
Suppose 145*r - 158*r = -35490. Is 14 a factor of r?
True
Let o be 328/5 + 40/100. Suppose 0 = 6*j - 576 - o. Is 18 a factor of j?
False
Let s(t) = t**3 + 2*t**2 + 2*t + 1. Let r be s(-3). Let j = 13 + r. Is (j - -35)*15/10 a multiple of 10?
False
Suppose -4*j = -2*g - 1482, 18*g - 21*g = -3*j + 1113. Does 10 divide j?
True
Is ((-5532)/(-30))/(5/75) a multiple of 106?
False
Let f = -16 + 24. Let k(r) = -34*r - r**2 + 27*r + 17*r - 1. Does 13 divide k(f)?
False
Let b = 1 + 3. Suppose b*p - 87 - 37 = 0. Suppose 0 = 4*s + p - 115. Does 6 divide s?
False
Suppose -120 = -z - 2*l, 444 = 4*z - 16*l + 12*l. Does 24 divide z?
False
Suppose 0*k - 2*k = 5*j - 270, -5*j = 3*k - 270. Let y = j + -8. Does 11 divide y?
False
Let j(n) = n**2 + 13*n - 224. Does 27 divide j(17)?
False
Suppose 5*c - 2*w = 778, -782 = -4*c - c - 2*w. Is c a multiple of 13?
True
Let k(y) = 5*y + 61. Let s = 28 + -39. Does 6 divide k(s)?
True
Suppose 4*x + g - 20 = -3*g, x - 5 = 4*g. Does 4 divide x?
False
Let p = 171 - -45. Does 72 divide p?
True
Let a(x) = x**3 - x**2 + 4. Let q be a(2). Let n(j) = -j**2 + 0 + j - 3 + 12*j + 2. Is n(q) a multiple of 11?
False
Let n(p) = 366*p + 141. Does 59 divide n(3)?
True
Let m be (-57)/2*(-2)/3*2. Is 24 a factor of (m/(-8))/((-10)/280)?
False
Let w = -44 - -48. Suppose 25 = -w*z + 181. Is 35 a factor of z?
False
Suppose 3 = -3*n + 123. Is 10 a factor of n?
True
Is 41 a factor of (-33624)/(-44) - (40/44)/5?
False
Suppose 5*q = q + 28. Suppose q*r = -0*r + 28. Suppose r*x + 26 = 3*s, x - 4 = s - 2*s. Is 6 a factor of s?
True
Suppose -x + 3*a + 3978 = 0, 7834 = 3*x - 3*a - 4106. Is 14 a factor of x?
False
Let r be 12*120/18 + -2. Suppose -2*f + r + 29 = 5*g, -3 = -3*f. Does 12 divide g?
False
Let l = 2028 + -1362. Suppose 2*u - 4*u = 4*o - 440, 0 = -3*u - 3*o + l. Does 21 divide u?
False
Let u be 824/10 - (-2)/(-5). Suppose 5*s + u = 2*y, 0*s + s + 146 = 4*y. Suppose -l - y = -3*l. Is l a multiple of 9?
True
Suppose s = 4*o - s - 8, 3*o - s = 7. Suppose -3*w = -0*x + x - 14, -5*x - 2*w + 31 = 0. Suppose -o*z + 0 = x*f + 7, -2*z + 22 = -2*f. Is z a multiple of 6?
True
Suppose -2*o + 8 + 4 = 0. Suppose -2*w = w - o. Suppose 685 = 3*z + w*z. Is z a multiple of 35?
False
Let y(g) = g**3 + 28*g**2 - 16*g + 1. Is 51 a factor of y(-19)?
False
Let o be 451*(-5 - (-12)/3). Let h = -303 - o. Suppose 5*x + 3*s - 295 = 0, 0 = -4*x + x + 4*s + h. Is x a multiple of 20?
False
Let l(a) be the second derivative of -a**3/6 + 3*a**2 + 4*a. Let o be l(6). Suppose -x + 22 + 30 = o. Is 17 a factor of x?
False
Let x(j) = j**2 + 3*j - 11. Let b be x(-5). Let o be (0 - b)/(11/55). Suppose 3*z - 5*z = 2*u - 12, o*z + 26 = 2*u. Does 4 divide u?
True
Let y(t) = -31*t**2 - t - 10. Let u be y(-3). Let x = 448 + u. Is x a multiple of 21?
False
Suppose 4*j + 99 = -o + 700, 3*j + 2347 = 4*o. Is o a multiple of 10?
False
Suppose 0 = 6*k - 581 - 3919. Is 5 a factor of k?
True
Let q(c) = -c**2 + 7*c + 12. Let n be q(9). Let b(m) = -m + 0*m - 3*m. Does 6 divide b(n)?
True
Let q(v) = v**2 + 2*v - 4. Let y be q(-3). Let t be y - (9/3)/(-3). Suppose t = -0*s - s + 15. Is s a multiple of 9?
False
Suppose -j = -0*j + 92. Let i = 192 + j. Does 18 divide i?
False
Let g = -93 - -95. Is (16/(-3) - g)/((-9)/27) a multiple of 7?
False
Let f be (-102)/4 - (-1)/2. Let q = -20 - f. Suppose -7 - 27 = -2*l + 4*j, q*l - 2*j - 45 = 0. Is l a multiple of 7?
True
Suppose -10*l - 7*l + 25143 = 0. Is l a multiple of 57?
False
Let r = -79 - -58. Let z = 50 + r. Does 4 divide z?
False
Suppose -115 = -8*j + 53. Suppose 0 = -4*r - k + 38, r - 3*k = -2*r + j. Suppose -r*i = 84 - 399. Does 7 divide i?
True
Suppose -7*h + 3*h + 792 = 0. Suppose 0 = -r - 5*r + h. Suppose -108 = 32*m - r*m. Is m a multiple of 27?
True
Suppose 0 = -2*w + 3*j + 14, -3*w - j - 1 = -0. Is (w + -2)/(-2*8/688) a multiple of 12?
False
Let r(j) = -13*j + 0 - 5 - 10*j + 1. Let w be r(3). Let s = 126 + w. Is s a multiple of 16?
False
Let n = 1153 - -76. Suppose 11*p - n = 366. Is p a multiple of 11?
False
Let u(f) = 65*f**3 - f**2 - f + 1. Let g be u(1). Suppose -3*a + 5*y + 590 = 0, -928 = -5*a + 4*y + g. Suppose -a = 2*d - 7*d. Is d a multiple of 11?
False
Suppose 5*m - 288 = 227. Suppose -3*u + c - 140 = 0, -c = u + 4*u + 236. Let h = m + u. Is h a multiple of 14?
True
Let g(v) = 347*v - 165. Is g(6) a multiple of 71?
True
Let r = 165 + -127. Is 3 a factor of r?
False
Suppose -5*t + 63 = -r, t + 5*r - 1 = -4. Let q = t + -18. Is 6 a factor of 15/q*24/(-5)?
True
Does 14 divide (-149 + 105)*(103/(-2) + 1)?
False
Suppose -2*r = -2*n + 6, 0*r - 5*n = 4*r - 6. Let t be 220 - (3 - 0 - r). Suppose -6*w = -10*w + t. Is 18 a factor of w?
True
Let f(d) = d - 2. Let k = -26 - -19. Let q(z) = 2*z - 4. Let g(a) = k*f(a) + 4*q(a). Does 3 divide g(6)?
False
Let i = -30 + 35. Suppose 0 = -3*x + i + 4, d - 3*x - 31 = 0. Does 10 divide d?
True
Let n = -9 + 106. Does 5 divide n?
False
Let n(p) be the third derivative of p**4/6 - p**3/3 - 3*p**2. Let u(z) = z**2 - 32*z + 65. Let l be u(30). Is n(l) a multiple of 9?
True
Let d(p) = p + 14. Suppose 0 - 48 = 4*t. Let b be d(t). Is 5 a factor of 45/(-18)*b*-1?
True
Let u(m) = -55*m**2 + m - 4. Let f(x) = -x + 1. Let s(q) = -3*f(q) - u(q). Is s(-1) a multiple of 27?
True
Suppose 12*l + 346 = 10090. Is l a multiple of 28?
True
Let w = 42 + -72. Let x = w - -116. Suppose -q = -2*d + 55 + 55, -x = -2*d - 5*q. Does 23 divide d?
False
Let d(r) = -5*r + 7*r + 5 - r**2 + 7*r. Is d(7) a multiple of 13?
False
Let s be 2/(-7) - 8/(-28). Suppose s = -h + 4*h. Let i = h - -14. Does 7 divide i?
True
Suppose 4*z - 21 = z. Is (z/3)/((-5)/(-30)) a multiple of 7?
True
Suppose 5*s - 25 = 5*o, -6*s = -4*s + 2*o - 18. Is 3 a factor of s/(105/50)*3?
False
Suppose -5*p - 1655 = -3*u, 2*p = 3*u - u - 1110. Suppose -5*d + 560 = a, -u = -4*d - d - 5*a. Does 28 divide d?
True
Suppose -8 = -n - n. Let i(v) = -3*v - v - 3*v + n*v. Is i(-4) a multiple of 11?
False
Let n(f) = -2*f**3 - 2*f**2 - 3*f + 6. Let o(m) = m**3 + 9*m**2 - 24*m - 26. Let l be o(-11). Is 38 a factor of n(l)?
True
Suppose 0 = 4*n - 2*r - 12 - 10, -n + 4 = r. Suppose 0 = -n*d + 4*u + 8, 0*u = 5*d + u - 23. Does 4 divide 10 - 2/d*-4?
True
Suppose 67*s = 66*s + 223. Is 47 a factor of s?
False
Suppose 2*v + 4 = 4. Suppose 0 = -2*j + 6 - v, -3*j = -i + 171. Is 9 a factor of i?
True
Let b(a) = a + 9. Let m be b(-4). Suppose 5*t = -5*i + 20, m*t + i - 22 = -2*i. Does 5 divide t?
True
Suppose 2*i = -4, 2*k = 5*i - 6 + 216. Is k a multiple of 5?
True
Let u(m) = -2*m**3 - 6*m**2 - 2*m + 1. Let w(x) = -x**3 - 6*x**2 - x + 2. Let p(v) = 2*u(v) - 3*w(v). Let o = -589 - -591. Is p(o) a m